427 = 197. Suppose a = -3*f + 7*f. Suppose 2*o - 2*s - f = 0, -5*o + 41 = 4*s - 53. List the prime factors of o.
2, 11
Let o = 5018 - 3471. What are the prime factors of o?
7, 13, 17
Let t(w) = 22*w**2 - 3. Let a = -11 - -9. List the prime factors of t(a).
5, 17
Let b = -2798 - -3991. List the prime factors of b.
1193
Suppose -6*o + 1353 = 33. Let z = o - 155. List the prime factors of z.
5, 13
Suppose 2*t = 17 + 13. Let b(k) = 7*k**2 + t*k**3 + 10*k - 6 - 7*k**3 - 9*k**3. What are the prime factors of b(8)?
2, 5
Let d = 94 + -31. Suppose 122 + d = 2*v + y, 3*v = -y + 275. List the prime factors of v.
2, 3, 5
Suppose -2*g + 29 = -0*g + 3*r, -16 = -3*g + r. Suppose -g*s + s + 114 = 0. What are the prime factors of s?
19
Suppose -5457 = -25*o + 3243. List the prime factors of o.
2, 3, 29
Suppose 30*r - 14870 + 5150 = 0. What are the prime factors of r?
2, 3
Let i = -20 - 1. List the prime factors of 14/i - (-122)/3.
2, 5
Suppose 0 = -s - 21 - 13. Let d be -1*-5*10/(-5). Let g = d - s. List the prime factors of g.
2, 3
Let p(t) = -t**3 + 5*t**2 + 5*t - 9. Let x = -41 - -46. What are the prime factors of p(x)?
2
Suppose -16*w - 12 = -20*w. Suppose -3*i - 3*f + 96 + 36 = 0, -56 = -i + w*f. List the prime factors of i.
47
Suppose i = -3*d + 8, 2*i = 2 - 4. Let l be (1 - d)/1*-37. Suppose -l = -5*y + 36. List the prime factors of y.
2, 11
Let a(f) be the second derivative of f**4/6 - f**3/2 - 2*f**2 - 2*f. Let x = -14 + 11. List the prime factors of a(x).
23
Suppose -9*c = -0*c. Suppose 0 = -2*z - 5*h + 297, c = 3*z - 4*h + 8*h - 463. What are the prime factors of z?
7, 23
Suppose -204 = -u - 64. Let y = u + -92. List the prime factors of y.
2, 3
Suppose 16*k = 11*k + 1190. List the prime factors of k.
2, 7, 17
Suppose 0*o - 1880 = -5*o. Let f = o + -225. What are the prime factors of f/9 + (-10)/(-45)?
17
List the prime factors of (3130/8)/(99/44 + -2).
5, 313
Let p = 3 + -16. Let z = p - -39. Let f = z - 2. What are the prime factors of f?
2, 3
Let d be (-14)/2*2/2. Let c(y) = -y - 2 - 8 + 22. List the prime factors of c(d).
19
Let v = 1 - -2. Let f be (-2)/((-4)/(-14)) + v. List the prime factors of (-140)/(-16) + (-1)/f.
3
Let w(t) = t**3 + t**2 + 2*t + 80. Let k be w(0). List the prime factors of 102/(-4)*k/(-15).
2, 17
Let o(g) = -3*g**3 - 2*g**2 - 5*g - 6. Let i be o(3). Let t = -78 - i. List the prime factors of t.
2, 3, 7
Let r = 0 + 10. Let d be (-6)/30 - (-21)/5. Suppose 0 = -d*a - a + r. What are the prime factors of a?
2
Suppose 0*m - 2*m - 2*z + 4 = 0, 0 = 2*z + 2. Let w = 1 - m. What are the prime factors of (-50)/(-15) - w/3?
2
List the prime factors of (-966)/(-30) + -1 - 1/5.
31
Let w(v) = -v**3 - 10*v**2 - 7*v - 44. Let y be w(-12). Suppose 0 = -3*l - n + y, 2*l + 104 = 3*l + 3*n. What are the prime factors of l?
2, 5, 11
Suppose -10 = 5*c - w + 16, -4*c + 4*w - 24 = 0. Let h(m) = m**3 + 8*m**2 + 4*m + 5. Let s be h(c). Let i = 115 - s. What are the prime factors of i?
5, 11
Suppose -2*o + 4*r = 9*r - 77, r = 4*o - 121. Let w = -11 - -25. Let x = o - w. What are the prime factors of x?
17
Suppose -5*m = -8*m + 9. Let r = m - -17. List the prime factors of 5/(r/132) - -1.
2, 17
Let x(c) = -c**3 + 4*c**2 + 5. Let g be x(4). Suppose g = 2*r + 7. Let d(y) = 15*y**2 + y + 1. What are the prime factors of d(r)?
3, 5
Let i = 64 - 61. List the prime factors of 5005/39 - (-2)/i.
3, 43
Let z(i) = 8*i - 7*i - 2*i - 3. Let q be z(-2). What are the prime factors of -1*(-11 + 1 + q)?
11
Let x(b) be the second derivative of -b**5/6 + b**4/12 + b**3 + 3*b. Let w(f) be the second derivative of x(f). List the prime factors of w(-2).
2, 3, 7
Suppose 4*a + 3 = -3*l, -7*l + 3*l - 4*a - 8 = 0. List the prime factors of 246/10 - (-3)/l.
2, 3
Suppose 2*b = 4*b - 2. Suppose -57 = -5*g - m, -g + 2 = -4*m - b. List the prime factors of g.
11
Suppose 3*q - 2*v = 2*v - 160, 0 = -5*q - v - 282. Let t = 123 + q. List the prime factors of (-3)/18 - t/(-6).
11
What are the prime factors of (9 + -11)/((-8)/380)?
5, 19
Let l be (11 - -53)*(-10)/(-2). Let k = l + -177. List the prime factors of k.
11, 13
Let b be (702 + 9)*(0 - 4/(-6)). Suppose -3*c + b = 2*r - 3*r, 0 = -2*c + 5*r + 316. What are the prime factors of c?
2, 79
Suppose -n - 3 = 14. Let d be (-15)/6*24/(-10). Let r = d - n. What are the prime factors of r?
23
Let f(i) be the third derivative of i**5/60 - 11*i**4/24 + 2*i**3/3 + 7*i**2. List the prime factors of f(12).
2
Suppose 165*h - 163*h = 1674. List the prime factors of h.
3, 31
Let b(r) = -6*r. Let i(h) = -3*h. Let u(z) = -3*b(z) + 5*i(z). What are the prime factors of u(1)?
3
What are the prime factors of 494 - (-5)/((-5)/4)?
2, 5, 7
Suppose 266*m - 244*m - 26818 = 0. List the prime factors of m.
23, 53
Suppose -47*j - 218 = -49*j. List the prime factors of j.
109
Suppose -1915 = -35*h + 30*h. List the prime factors of h.
383
Let u = 8512 - 3972. List the prime factors of u.
2, 5, 227
Let x(w) = 2*w**2 - w + 3. Let o be x(0). Let q be 1 - (-84)/o - 3. Let d = 56 - q. What are the prime factors of d?
2, 3, 5
Suppose 0*m + m + 3*i = 86, 0 = m + 2*i - 88. What are the prime factors of m?
2, 23
Let w(v) = 91*v + 570. List the prime factors of w(11).
1571
Let j = -119 - -82. Let z = 80 + j. List the prime factors of z.
43
Let r be -4 + (-44 - 0) + -3. Let h = r - -53. What are the prime factors of h?
2
Suppose 3316 + 1570 = 7*h. What are the prime factors of h?
2, 349
Let w = 133 + 166. Suppose 0 = -3*b - 2*l + w, -b - 2*b = l - 301. List the prime factors of b.
101
Let j(g) = 17*g**2 - 4*g + 4. Let r be j(2). Suppose 0 = -4*s + 6*s + r. What are the prime factors of 12/(0 - 12/s)?
2
Let h(d) = 3*d**2 - 3*d + 3. Let y be h(1). Suppose 490 = 5*b - 5*x, -7*b + y*b = -2*x - 396. What are the prime factors of b?
2, 5
Let i(b) be the third derivative of -b**6/240 - b**4/3 - 7*b**2. Let o(c) be the second derivative of i(c). What are the prime factors of o(-6)?
2, 3
What are the prime factors of 4 + (4 - 7) + 440?
3, 7
Let y(h) = -56*h**3 + 5*h**2 + 2*h - 6. List the prime factors of y(-2).
2, 229
Suppose 56 = z + 3*z. Let m = 19 - z. Suppose 0*r = -m*p + 3*r + 63, 2*p - 42 = -3*r. List the prime factors of p.
3, 5
Let i be (-47)/5 - (264/40 - 7). Let v(h) be the second derivative of -2*h**3/3 - 8*h**2 - h. What are the prime factors of v(i)?
2, 5
Let b = 8 + -6. Let d(q) = -1 + 2*q - 2*q**2 + 7*q**2 - 3*q**b - 4*q. What are the prime factors of d(2)?
3
Let u = -126 - -135. List the prime factors of u.
3
Suppose 104*n - 105*n = 1. What are the prime factors of (-34)/(0 - n/(-4))?
2, 17
Let a = 1920 - 1356. List the prime factors of a.
2, 3, 47
Let f = -385 + 835. List the prime factors of f.
2, 3, 5
Let p be 44/20 + 3 - 2/10. Suppose 57 - 522 = -p*y. List the prime factors of y.
3, 31
Let r = 0 + 3. Suppose h - 4*v + 0 = -r, 4*h - 9 = -5*v. Let t = h + 27. What are the prime factors of t?
2, 7
List the prime factors of 3*(117 - 5 - -5).
3, 13
Let k(a) = -a**2 + 9*a - 10. Let g be k(8). What are the prime factors of 6/(2/(-6)*(g + -4))?
3
Let v = -87 - -229. List the prime factors of v.
2, 71
Let h(d) = -23*d - 12*d + 21*d + 4. Let p be h(3). What are the prime factors of (2 + -1)/((-1)/p)?
2, 19
Suppose 3*y - 212*i = -210*i + 8534, 3*i = 2*y - 5696. What are the prime factors of y?
2, 7, 29
Suppose 4*r = 6154 - 26986. Let k be r/(-88) + (-2)/11. Let f = k + 6. List the prime factors of f.
5, 13
Let w(v) = -v**2 + v + 12. Let n be w(-3). Suppose n = 4*j - j - 39. What are the prime factors of j?
13
Let g(p) = 142*p - 30. Let n be g(6). Suppose 2*i - 8*i + n = 0. What are the prime factors of i?
137
Suppose -4*u + a = -1267, -341 = -4*u - 4*a + 931. What are the prime factors of u?
317
Let n(b) = b**3 - b**2 + 938. What are the prime factors of n(0)?
2, 7, 67
Let m(g) be the first derivative of -7*g**2/2 - 4*g + 2. What are the prime factors of m(-10)?
2, 3, 11
Let d = 416 - -807. What are the prime factors of d?
1223
Let t = 1 + 3. Suppose 3*r = -y + 3, -t = -8*y + 3*y - 4*r. Suppose y*w - 70 = -2*w. List the prime factors of w.
5, 7
Let b = 4 - 10. Let t(c) = -c**3 + c**2 - 1. Let k(i) = -3*i**3 - 4*i**2 - 2*i. Let n(s) = k(s) - 2*t(s). List the prime factors of n(b).
2, 7
Let p = 32 - 41. What are the prime factors of (0 + -24)/((p/(-4))/(-3))?
2
Let 